{"id":8430,"date":"2024-10-10T13:38:06","date_gmt":"2024-10-10T11:38:06","guid":{"rendered":"https:\/\/darwin-io.fr\/?page_id=8430"},"modified":"2024-10-10T13:38:38","modified_gmt":"2024-10-10T11:38:38","slug":"candidature-spontanee","status":"publish","type":"page","link":"https:\/\/darwin-io.fr\/index.php\/candidature-spontanee\/","title":{"rendered":"Candidature spontan\u00e9e"},"content":{"rendered":"<section class=\"wpb-content-wrapper\"><p>[vc_section full_width=&#8221;stretch_row&#8221; css=&#8221;.vc_custom_1527767850756{margin-top: 0px !important;margin-bottom: 0px !important;padding-top: 90px !important;padding-bottom: 75px !important;}&#8221;][vc_row gap=&#8221;30&#8243;][vc_column width=&#8221;2\/3&#8243; css=&#8221;.vc_custom_1527765435779{margin-top: 0px !important;margin-bottom: 0px !important;}&#8221;][vc_column_text]<strong>Envie de nous rejoindre ?<\/strong><\/p>\n<p>N&#8217;h\u00e9sites pas \u00e0 nous transmettre ton CV si le projet t&#8217;int\u00e9resse ! Nous aurons peut-\u00eatre un poste qui correspondra \u00e0 tes attentes et ambitions.<\/p>\n<p>&nbsp;<\/p>\n<p><strong>Darwin IO, la soci\u00e9t\u00e9<\/strong><\/p>\n<p>Darwin IO est une soci\u00e9t\u00e9 innovante incub\u00e9e au Business Innovation Center de Montpellier. Darwin IO d\u00e9veloppe et commercialise une solution de gestion de parcs de distributeurs automatiques. La solution est compos\u00e9e de diff\u00e9rents outils \u00e0 la fois mat\u00e9riel et logiciel.<\/p>\n<p>&nbsp;<\/p>\n<p><strong>Localisation et mode de travail<\/strong><\/p>\n<p>Le t\u00e9l\u00e9-travail est possible en temps partiel ou temps plein, avec possibilit\u00e9 de pr\u00e9sentiel sur Belfort ou Montpellier.<\/p>\n<p>&nbsp;<\/p>\n<p><strong>Pr\u00e9sentation de l\u2019\u00e9quipe<\/strong><\/p>\n<p>L\u2019\u00e9quipe attache une grande importance \u00e0 la technique. Elle aime faire de la veille technologique dans le but d\u2019apprendre et d\u2019identifier de nouvelles solutions qui pourraient am\u00e9liorer l\u2019existant. Si suite \u00e0 une veille technologique un membre de l\u2019\u00e9quipe d\u00e9montre une plus value \u00e0 int\u00e9grer une nouvelle API alors cela sera pris en compte et son int\u00e9gration sera planifi\u00e9e dans la roadmap.<\/p>\n<p>La qualit\u00e9 et la maintenabilit\u00e9 du code est aussi une priorit\u00e9 pour l\u2019\u00e9quipe de d\u00e9veloppement. Si une alerte est \u00e9mise par d\u00e9veloppeur avec justification alors une p\u00e9riode de refactoring sera int\u00e9gr\u00e9e pour combler le besoin et \u00e9viter d\u2019accumuler de la dette technique.<\/p>\n<p>Les applicatifs sont toujours mis \u00e0 jour avec les derni\u00e8res versions des API. Ceci permet de lutter contre l\u2019obsolescence de l\u2019applicatif et de b\u00e9n\u00e9ficier et des outils derni\u00e8re g\u00e9n\u00e9ration.<\/p>\n<p>Afin d\u2019am\u00e9liorer sa productivit\u00e9, l\u2019\u00e9quipe de d\u00e9veloppement con\u00e7oit des outils de g\u00e9n\u00e9ration de code pour aider \u00e0 produire du code r\u00e9p\u00e9titif. Ainsi les d\u00e9veloppeurs ont plus de temps \u00e0 consacrer \u00e0 des t\u00e2ches motivantes.<\/p>\n<p>L&#8217;\u00e9quipe apporte une attention particuli\u00e8re \u00e0 ses gestionnaires. Dans le processus de d\u00e9cision, les remont\u00e9es des utilisateurs ont une grande importance. La centralisation des remont\u00e9es terrain a \u00e9t\u00e9 mise en place pour en tirer le meilleur parti et amener des am\u00e9liorations qui serviront vraiment \u00e0 nos utilisateurs.[\/vc_column_text]<div class=\"rt-animated-link element-one    rt599988050\" ><div class=\"holder\"><a class=\"main-link\" href=\"https:\/\/darwin-io.fr\/index.php\/contact-page-three\/\" target=\"\" rel=\"\">Postuler<\/a><\/div><\/div>[\/vc_column][vc_column width=&#8221;1\/3&#8243; css=&#8221;.vc_custom_1527833830015{margin-top: 0px !important;margin-bottom: 0px !important;padding-top: 0px !important;padding-bottom: 0px !important;}&#8221;]<!-- radiantthemes-custom-menu --><div class=\"radiantthemes-custom-menu element-one rt1904047421 \"    ><ul id=\"menu-offres-emplois-menu\" class=\"menu rt-mega-menu-transition-default\"><li id=\"menu-item-8370\" class=\"menu-item menu-item-type-post_type menu-item-object-page menu-flyout rt-mega-menu-hover item-8370\"><a  href=\"https:\/\/darwin-io.fr\/index.php\/developpeur-fullstack-java-react\/\">D\u00e9veloppeur Fullstack JAVA\/React<\/a><\/li>\n<li id=\"menu-item-8480\" class=\"menu-item menu-item-type-post_type menu-item-object-page menu-flyout rt-mega-menu-hover item-8480\"><a  href=\"https:\/\/darwin-io.fr\/index.php\/candidature-spontanee\/\">Candidature spontan\u00e9e<\/a><\/li>\n<\/ul><\/div>\r<!-- radiantthemes-custom-menu -->\r[\/vc_column][\/vc_row][\/vc_section]<\/p>\n<\/section>","protected":false},"excerpt":{"rendered":"<p>[vc_section full_width=&#8221;stretch_row&#8221; css=&#8221;.vc_custom_1527767850756{margin-top: 0px !important;margin-bottom: 0px !important;padding-top: 90px !important;padding-bottom: 75px !important;}&#8221;][vc_row gap=&#8221;30&#8243;][vc_column width=&#8221;2\/3&#8243; css=&#8221;.vc_custom_1527765435779{margin-top: 0px !important;margin-bottom: 0px !important;}&#8221;][vc_column_text]Envie de nous rejoindre ? N&#8217;h\u00e9sites pas \u00e0 nous transmettre ton CV si le projet t&#8217;int\u00e9resse ! Nous aurons peut-\u00eatre un poste qui correspondra \u00e0 tes attentes et ambitions. &nbsp; Darwin IO, la soci\u00e9t\u00e9 Darwin IO est une [&hellip;]<\/p>\n","protected":false},"author":4,"featured_media":3808,"parent":0,"menu_order":0,"comment_status":"closed","ping_status":"closed","template":"","meta":{"_monsterinsights_skip_tracking":false,"_monsterinsights_sitenote_active":false,"_monsterinsights_sitenote_note":"","_monsterinsights_sitenote_category":0,"footnotes":""},"class_list":["post-8430","page","type-page","status-publish","has-post-thumbnail","hentry"],"featured_media_urls":{"thumbnail":["https:\/\/darwin-io.fr\/wp-content\/uploads\/2018\/04\/background-image02.jpg",150,74,false],"medium":["https:\/\/darwin-io.fr\/wp-content\/uploads\/2018\/04\/background-image02.jpg",300,148,false],"medium_large":["https:\/\/darwin-io.fr\/wp-content\/uploads\/2018\/04\/background-image02.jpg",640,317,false],"large":["https:\/\/darwin-io.fr\/wp-content\/uploads\/2018\/04\/background-image02.jpg",640,317,false],"1536x1536":["https:\/\/darwin-io.fr\/wp-content\/uploads\/2018\/04\/background-image02.jpg",1536,760,false],"2048x2048":["https:\/\/darwin-io.fr\/wp-content\/uploads\/2018\/04\/background-image02.jpg",1920,950,false],"woocommerce_thumbnail":["https:\/\/darwin-io.fr\/wp-content\/uploads\/2018\/04\/background-image02-300x300.jpg",300,300,true],"woocommerce_single":["https:\/\/darwin-io.fr\/wp-content\/uploads\/2018\/04\/background-image02-600x297.jpg",600,297,true],"woocommerce_gallery_thumbnail":["https:\/\/darwin-io.fr\/wp-content\/uploads\/2018\/04\/background-image02-100x100.jpg",100,100,true],"portfolio_item-thumbnail":["https:\/\/darwin-io.fr\/wp-content\/uploads\/2018\/04\/background-image02.jpg",600,297,false],"portfolio_item-thumbnail@2x":["https:\/\/darwin-io.fr\/wp-content\/uploads\/2018\/04\/background-image02.jpg",1200,594,false],"portfolio_item-masonry":["https:\/\/darwin-io.fr\/wp-content\/uploads\/2018\/04\/background-image02.jpg",600,297,false],"portfolio_item-masonry@2x":["https:\/\/darwin-io.fr\/wp-content\/uploads\/2018\/04\/background-image02.jpg",1200,594,false],"portfolio_item-thumbnail_cinema":["https:\/\/darwin-io.fr\/wp-content\/uploads\/2018\/04\/background-image02.jpg",677,335,false],"portfolio_item-thumbnail_portrait":["https:\/\/darwin-io.fr\/wp-content\/uploads\/2018\/04\/background-image02.jpg",600,297,false],"portfolio_item-thumbnail_portrait@2x":["https:\/\/darwin-io.fr\/wp-content\/uploads\/2018\/04\/background-image02.jpg",1200,594,false],"portfolio_item-thumbnail_square":["https:\/\/darwin-io.fr\/wp-content\/uploads\/2018\/04\/background-image02.jpg",800,396,false]},"_links":{"self":[{"href":"https:\/\/darwin-io.fr\/index.php\/wp-json\/wp\/v2\/pages\/8430","targetHints":{"allow":["GET"]}}],"collection":[{"href":"https:\/\/darwin-io.fr\/index.php\/wp-json\/wp\/v2\/pages"}],"about":[{"href":"https:\/\/darwin-io.fr\/index.php\/wp-json\/wp\/v2\/types\/page"}],"author":[{"embeddable":true,"href":"https:\/\/darwin-io.fr\/index.php\/wp-json\/wp\/v2\/users\/4"}],"replies":[{"embeddable":true,"href":"https:\/\/darwin-io.fr\/index.php\/wp-json\/wp\/v2\/comments?post=8430"}],"version-history":[{"count":3,"href":"https:\/\/darwin-io.fr\/index.php\/wp-json\/wp\/v2\/pages\/8430\/revisions"}],"predecessor-version":[{"id":8478,"href":"https:\/\/darwin-io.fr\/index.php\/wp-json\/wp\/v2\/pages\/8430\/revisions\/8478"}],"wp:featuredmedia":[{"embeddable":true,"href":"https:\/\/darwin-io.fr\/index.php\/wp-json\/wp\/v2\/media\/3808"}],"wp:attachment":[{"href":"https:\/\/darwin-io.fr\/index.php\/wp-json\/wp\/v2\/media?parent=8430"}],"curies":[{"name":"wp","href":"https:\/\/api.w.org\/{rel}","templated":true}]}}