{"id":7277,"date":"2018-06-02T09:07:07","date_gmt":"2018-06-02T09:07:07","guid":{"rendered":"http:\/\/darwin-io.fr\/?page_id=7277"},"modified":"2024-10-10T14:36:05","modified_gmt":"2024-10-10T12:36:05","slug":"contactez-nous","status":"publish","type":"page","link":"https:\/\/darwin-io.fr\/index.php\/contactez-nous\/","title":{"rendered":"Contact"},"content":{"rendered":"<section class=\"wpb-content-wrapper\"><p>[vc_section full_width=&#8221;stretch_row_content&#8221; css=&#8221;.vc_custom_1685440115932{margin-top: 0px !important;margin-bottom: 0px !important;padding-top: 0px !important;padding-bottom: 0px !important;background-color: #ffffff !important;background-position: center !important;background-repeat: no-repeat !important;background-size: cover !important;}&#8221;][vc_row full_width=&#8221;stretch_row&#8221; equal_height=&#8221;yes&#8221; css_animation=&#8221;none&#8221; css=&#8221;.vc_custom_1519735285326{margin-top: 0px !important;margin-bottom: 0px !important;padding-top: 73px !important;padding-bottom: 73px !important;background-color: #f7f7f7 !important;}&#8221;][vc_column width=&#8221;1\/6&#8243; css=&#8221;.vc_custom_1519735313463{margin-top: 0px !important;margin-bottom: 0px !important;padding-top: 0px !important;padding-bottom: 0px !important;}&#8221;][\/vc_column][vc_column width=&#8221;2\/3&#8243; css=&#8221;.vc_custom_1519733264007{margin-top: 0px !important;margin-bottom: 0px !important;padding-top: 0px !important;padding-bottom: 0px !important;}&#8221;][vc_custom_heading text=&#8221;Gardons le contact !&#8221; font_container=&#8221;tag:h2|font_size:15px|text_align:center|line_height:35px&#8221; use_theme_fonts=&#8221;yes&#8221; css_animation=&#8221;none&#8221; css=&#8221;.vc_custom_1685439967158{margin-top: 0px !important;margin-bottom: 0px !important;padding-top: 0px !important;padding-bottom: 0px !important;}&#8221; el_class=&#8221;font-weight-medium&#8221;][vc_custom_heading text=&#8221;Demande d&#8217;informations&#8221; font_container=&#8221;tag:h3|font_size:40px|text_align:center|line_height:48px&#8221; use_theme_fonts=&#8221;yes&#8221; css_animation=&#8221;none&#8221; css=&#8221;.vc_custom_1685439955986{margin-top: 0px !important;margin-bottom: 0px !important;padding-top: 0px !important;padding-bottom: 0px !important;}&#8221; el_class=&#8221;font-weight-bold&#8221;][vc_column_text css_animation=&#8221;none&#8221; css=&#8221;.vc_custom_1685439939071{margin-top: 25px !important;margin-bottom: 0px !important;padding-top: 0px !important;padding-right: 0px !important;padding-bottom: 0px !important;padding-left: 0px !important;}&#8221;]<\/p>\n<p style=\"text-align: center;\">Envoyez nous un message, nous vous r\u00e9pondrons dans les plus brefs d\u00e9lais<\/p>\n<p>[\/vc_column_text][vc_row_inner css=&#8221;.vc_custom_1519730957211{margin-top: 35px !important;margin-bottom: 0px !important;padding-top: 0px !important;padding-bottom: 0px !important;}&#8221;][vc_column_inner]\r<!-- rt-cf7 -->\r<div class=\"radiant-contact-form rtb96e126e126b4f4 element-one \"  >\n<div class=\"wpcf7 no-js\" id=\"wpcf7-f7280-o1\" lang=\"en-US\" dir=\"ltr\" data-wpcf7-id=\"7280\">\n<div class=\"screen-reader-response\"><p role=\"status\" aria-live=\"polite\" aria-atomic=\"true\"><\/p> <ul><\/ul><\/div>\n<form action=\"\/index.php\/wp-json\/wp\/v2\/pages\/7277#wpcf7-f7280-o1\" method=\"post\" class=\"wpcf7-form init\" aria-label=\"Contact form\" novalidate=\"novalidate\" data-status=\"init\">\n<div style=\"display: none;\">\n<input type=\"hidden\" name=\"_wpcf7\" value=\"7280\" \/>\n<input type=\"hidden\" name=\"_wpcf7_version\" value=\"6.0.6\" \/>\n<input type=\"hidden\" name=\"_wpcf7_locale\" value=\"en_US\" \/>\n<input type=\"hidden\" name=\"_wpcf7_unit_tag\" value=\"wpcf7-f7280-o1\" \/>\n<input type=\"hidden\" name=\"_wpcf7_container_post\" value=\"0\" \/>\n<input type=\"hidden\" name=\"_wpcf7_posted_data_hash\" value=\"\" \/>\n<\/div>\n<p><label> Votre nom<br \/>\n<span class=\"wpcf7-form-control-wrap\" data-name=\"your-name\"><input size=\"40\" maxlength=\"400\" class=\"wpcf7-form-control wpcf7-text wpcf7-validates-as-required\" autocomplete=\"name\" aria-required=\"true\" aria-invalid=\"false\" value=\"\" type=\"text\" name=\"your-name\" \/><\/span> <\/label>\n<\/p>\n<p><label> Votre e-mail<br \/>\n<span class=\"wpcf7-form-control-wrap\" data-name=\"your-email\"><input size=\"40\" maxlength=\"400\" class=\"wpcf7-form-control wpcf7-email wpcf7-validates-as-required wpcf7-text wpcf7-validates-as-email\" autocomplete=\"email\" aria-required=\"true\" aria-invalid=\"false\" value=\"\" type=\"email\" name=\"your-email\" \/><\/span> <\/label>\n<\/p>\n<p><label> Votre num\u00e9ro de t\u00e9l\u00e9phone<br \/>\n<span class=\"wpcf7-form-control-wrap\" data-name=\"your-phone\"><input size=\"40\" maxlength=\"400\" class=\"wpcf7-form-control wpcf7-tel wpcf7-validates-as-required wpcf7-text wpcf7-validates-as-tel\" autocomplete=\"phone\" aria-required=\"true\" aria-invalid=\"false\" value=\"\" type=\"tel\" name=\"your-phone\" \/><\/span> <\/label>\n<\/p>\n<p><label> Objet<br \/>\n<span class=\"wpcf7-form-control-wrap\" data-name=\"your-subject\"><input size=\"40\" maxlength=\"400\" class=\"wpcf7-form-control wpcf7-text wpcf7-validates-as-required\" aria-required=\"true\" aria-invalid=\"false\" value=\"\" type=\"text\" name=\"your-subject\" \/><\/span> <\/label>\n<\/p>\n<p><label> Votre message (facultatif)<br \/>\n<span class=\"wpcf7-form-control-wrap\" data-name=\"your-message\"><textarea cols=\"40\" rows=\"10\" maxlength=\"2000\" class=\"wpcf7-form-control wpcf7-textarea\" aria-invalid=\"false\" name=\"your-message\"><\/textarea><\/span> <\/label>\n<\/p>\n<p>\t\t\t<span class=\"wpfc-slidercaptcha wpfc-card wpcf7-form-control-wrap puzzlecaptcha-116\">\r\n\t\t\t\t<span class=\"wpfc-card-header\">\r\n\t\t\t\t\t<span>R\u00e9solvez le puzzle pour pouvoir envoyer le message<\/span>\r\n\t\t\t\t<\/span>\r\n\t\t\t\t<div class=\"wpfc-card-body\"><div data-heading=\"R\u00e9solvez le puzzle pour pouvoir envoyer le message\" data-slider=\"D\u00e9placer l'\u00e9l\u00e9ment pour r\u00e9soudre le Puzzle\" data-tryagain=\"R\u00e9essayez\" data-form=\"cf7\" class=\"wpfc-captcha\"><\/div><\/div>\r\n\t\t\t<\/span>\r\n\t\t\t\n<\/p>\n<p><input class=\"wpcf7-form-control wpcf7-submit has-spinner btn-envoyer\" type=\"submit\" value=\"Envoyer\" \/>\n<\/p><div class=\"wpcf7-response-output\" aria-hidden=\"true\"><\/div>\n<\/form>\n<\/div>\n<div class=\"clearfix\"><\/div><\/div><!-- rt-cf7 -->\r[\/vc_column_inner][\/vc_row_inner][\/vc_column][vc_column width=&#8221;1\/6&#8243;][\/vc_column][\/vc_row][vc_row full_width=&#8221;stretch_row_content_no_spaces&#8221; equal_height=&#8221;yes&#8221; css_animation=&#8221;none&#8221; css=&#8221;.vc_custom_1519735092933{margin-top: 0px !important;margin-bottom: 0px !important;padding-top: 0px !important;padding-bottom: 0px !important;}&#8221;][vc_column css=&#8221;.vc_custom_1519733353854{margin-top: 0px !important;margin-bottom: 0px !important;padding-top: 0px !important;padding-bottom: 0px !important;background-color: #ffffff !important;}&#8221;][vc_gmaps link=&#8221;#E-8_JTNDaWZyYW1lJTIwc3JjJTNEJTIyaHR0cHMlM0ElMkYlMkZ3d3cuZ29vZ2xlLmNvbSUyRm1hcHMlMkZlbWJlZCUzRnBiJTNEJTIxMW0xOCUyMTFtMTIlMjExbTMlMjExZDY0MTgxLjI0NjI4MDg2MjQ3JTIxMmQzLjgwNzg1NjA2NjI4NDE3OCUyMTNkNDMuNjYyMDY1NTg3NjYzODQlMjEybTMlMjExZjAlMjEyZjAlMjEzZjAlMjEzbTIlMjExaTEwMjQlMjEyaTc2OCUyMTRmMTMuMSUyMTNtMyUyMTFtMiUyMTFzMHgxMmI2YTkyYjhhZmU0ODQ1JTI1M0EweGZlNDgxMTFmMjA4ODU3ODUlMjEyczE5MDAlMjUyMEJkJTI1MjBkZSUyNTIwbGElMjUyMExpcm9uZGUlMjUyQyUyNTIwMzQ5ODAlMjUyME1vbnRmZXJyaWVyLXN1ci1MZXolMjE1ZTAlMjEzbTIlMjExc2ZyJTIxMnNmciUyMTR2MTcyODU2MzQ2MDIxMCUyMTVtMiUyMTFzZnIlMjEyc2ZyJTIyJTIwd2lkdGglM0QlMjI2MDAlMjIlMjBoZWlnaHQlM0QlMjI0NTAlMjIlMjBzdHlsZSUzRCUyMmJvcmRlciUzQTAlM0IlMjIlMjBhbGxvd2Z1bGxzY3JlZW4lM0QlMjIlMjIlMjBsb2FkaW5nJTNEJTIybGF6eSUyMiUyMHJlZmVycmVycG9saWN5JTNEJTIybm8tcmVmZXJyZXItd2hlbi1kb3duZ3JhZGUlMjIlM0UlM0MlMkZpZnJhbWUlM0U=&#8221; css=&#8221;.vc_custom_1728563732136{margin-top: 0px !important;margin-bottom: 0px !important;padding-top: 0px !important;padding-bottom: 0px !important;}&#8221; el_class=&#8221;map&#8221;][\/vc_column][\/vc_row][\/vc_section]<\/p>\n<\/section>","protected":false},"excerpt":{"rendered":"<p>[vc_section full_width=&#8221;stretch_row_content&#8221; css=&#8221;.vc_custom_1685440115932{margin-top: 0px !important;margin-bottom: 0px !important;padding-top: 0px !important;padding-bottom: 0px !important;background-color: #ffffff !important;background-position: center !important;background-repeat: no-repeat !important;background-size: cover !important;}&#8221;][vc_row full_width=&#8221;stretch_row&#8221; equal_height=&#8221;yes&#8221; css_animation=&#8221;none&#8221; css=&#8221;.vc_custom_1519735285326{margin-top: 0px !important;margin-bottom: 0px !important;padding-top: 73px !important;padding-bottom: 73px !important;background-color: #f7f7f7 !important;}&#8221;][vc_column width=&#8221;1\/6&#8243; css=&#8221;.vc_custom_1519735313463{margin-top: 0px !important;margin-bottom: 0px !important;padding-top: 0px !important;padding-bottom: 0px !important;}&#8221;][\/vc_column][vc_column width=&#8221;2\/3&#8243; css=&#8221;.vc_custom_1519733264007{margin-top: 0px !important;margin-bottom: 0px !important;padding-top: 0px !important;padding-bottom: 0px !important;}&#8221;][vc_custom_heading text=&#8221;Gardons le [&hellip;]<\/p>\n","protected":false},"author":1,"featured_media":8062,"parent":0,"menu_order":0,"comment_status":"closed","ping_status":"closed","template":"","meta":{"_monsterinsights_skip_tracking":false,"_monsterinsights_sitenote_active":false,"_monsterinsights_sitenote_note":"","_monsterinsights_sitenote_category":0,"footnotes":""},"class_list":["post-7277","page","type-page","status-publish","has-post-thumbnail","hentry"],"featured_media_urls":{"thumbnail":["https:\/\/darwin-io.fr\/wp-content\/uploads\/2018\/09\/contactus-simple.jpg",150,41,false],"medium":["https:\/\/darwin-io.fr\/wp-content\/uploads\/2018\/09\/contactus-simple.jpg",300,82,false],"medium_large":["https:\/\/darwin-io.fr\/wp-content\/uploads\/2018\/09\/contactus-simple.jpg",640,176,false],"large":["https:\/\/darwin-io.fr\/wp-content\/uploads\/2018\/09\/contactus-simple.jpg",640,176,false],"1536x1536":["https:\/\/darwin-io.fr\/wp-content\/uploads\/2018\/09\/contactus-simple.jpg",1536,422,false],"2048x2048":["https:\/\/darwin-io.fr\/wp-content\/uploads\/2018\/09\/contactus-simple.jpg",1920,527,false],"woocommerce_thumbnail":["https:\/\/darwin-io.fr\/wp-content\/uploads\/2018\/09\/contactus-simple-300x300.jpg",300,300,true],"woocommerce_single":["https:\/\/darwin-io.fr\/wp-content\/uploads\/2018\/09\/contactus-simple-600x165.jpg",600,165,true],"woocommerce_gallery_thumbnail":["https:\/\/darwin-io.fr\/wp-content\/uploads\/2018\/09\/contactus-simple-100x100.jpg",100,100,true],"portfolio_item-thumbnail":["https:\/\/darwin-io.fr\/wp-content\/uploads\/2018\/09\/contactus-simple.jpg",600,165,false],"portfolio_item-thumbnail@2x":["https:\/\/darwin-io.fr\/wp-content\/uploads\/2018\/09\/contactus-simple.jpg",1200,329,false],"portfolio_item-masonry":["https:\/\/darwin-io.fr\/wp-content\/uploads\/2018\/09\/contactus-simple.jpg",600,165,false],"portfolio_item-masonry@2x":["https:\/\/darwin-io.fr\/wp-content\/uploads\/2018\/09\/contactus-simple.jpg",1200,329,false],"portfolio_item-thumbnail_cinema":["https:\/\/darwin-io.fr\/wp-content\/uploads\/2018\/09\/contactus-simple.jpg",800,220,false],"portfolio_item-thumbnail_portrait":["https:\/\/darwin-io.fr\/wp-content\/uploads\/2018\/09\/contactus-simple.jpg",600,165,false],"portfolio_item-thumbnail_portrait@2x":["https:\/\/darwin-io.fr\/wp-content\/uploads\/2018\/09\/contactus-simple.jpg",1200,329,false],"portfolio_item-thumbnail_square":["https:\/\/darwin-io.fr\/wp-content\/uploads\/2018\/09\/contactus-simple.jpg",800,220,false]},"_links":{"self":[{"href":"https:\/\/darwin-io.fr\/index.php\/wp-json\/wp\/v2\/pages\/7277","targetHints":{"allow":["GET"]}}],"collection":[{"href":"https:\/\/darwin-io.fr\/index.php\/wp-json\/wp\/v2\/pages"}],"about":[{"href":"https:\/\/darwin-io.fr\/index.php\/wp-json\/wp\/v2\/types\/page"}],"author":[{"embeddable":true,"href":"https:\/\/darwin-io.fr\/index.php\/wp-json\/wp\/v2\/users\/1"}],"replies":[{"embeddable":true,"href":"https:\/\/darwin-io.fr\/index.php\/wp-json\/wp\/v2\/comments?post=7277"}],"version-history":[{"count":11,"href":"https:\/\/darwin-io.fr\/index.php\/wp-json\/wp\/v2\/pages\/7277\/revisions"}],"predecessor-version":[{"id":8515,"href":"https:\/\/darwin-io.fr\/index.php\/wp-json\/wp\/v2\/pages\/7277\/revisions\/8515"}],"wp:featuredmedia":[{"embeddable":true,"href":"https:\/\/darwin-io.fr\/index.php\/wp-json\/wp\/v2\/media\/8062"}],"wp:attachment":[{"href":"https:\/\/darwin-io.fr\/index.php\/wp-json\/wp\/v2\/media?parent=7277"}],"curies":[{"name":"wp","href":"https:\/\/api.w.org\/{rel}","templated":true}]}}